8751 a prime number?
True
Is 369653 a prime number?
False
Is 2797 a composite number?
False
Is 1070557 prime?
True
Is 2386 a composite number?
True
Is 93153 a prime number?
False
Is 29599 composite?
False
Is 23531 composite?
False
Is 34909 a prime number?
False
Is 30949 composite?
False
Is 72461 a prime number?
True
Is 28349 composite?
False
Is 390797 a prime number?
False
Is 226873 a composite number?
True
Is 3563 prime?
False
Is 8873 composite?
True
Is 303089 a prime number?
True
Is 38989 a composite number?
True
Is 77941 a prime number?
False
Is 22111 composite?
False
Is 4679 a prime number?
True
Is 200567 prime?
False
Is 80257 a prime number?
False
Is 194 a composite number?
True
Is 431939 composite?
True
Is 13859 composite?
False
Is 48563 prime?
True
Is 60641 a composite number?
True
Is 2983819 composite?
False
Is 85 a composite number?
True
Is 59441 prime?
True
Is 275203 a composite number?
True
Is 31957 prime?
True
Is 17783 a prime number?
True
Is 60709 a prime number?
False
Is 41153 a prime number?
False
Is 2111 a composite number?
False
Is 798367 a prime number?
False
Is 1721 a composite number?
False
Is 1729987 a composite number?
True
Is 24229 composite?
False
Is 4729 a prime number?
True
Is 657065 prime?
False
Is 11783 composite?
False
Is 1072987 a prime number?
False
Is 84157 a prime number?
False
Is 8749 a composite number?
True
Is 4411 prime?
False
Is 219111 composite?
True
Is 230131 composite?
True
Is 4777 prime?
False
Is 7103 a prime number?
True
Is 3137 composite?
False
Is 425669 a prime number?
False
Is 69807 a composite number?
True
Is 474979 prime?
False
Is 528909 prime?
False
Is 32393 prime?
False
Is 330557 prime?
True
Is 75401 composite?
False
Is 859079 a composite number?
True
Is 27505 prime?
False
Is 3326 a prime number?
False
Is 88183 prime?
False
Is 31399 a prime number?
False
Is 1076098 composite?
True
Is 746477 a composite number?
False
Is 1921 prime?
False
Is 258047 prime?
False
Is 9649 a prime number?
True
Is 963689 prime?
True
Is 175543 a prime number?
True
Is 89653 a composite number?
False
Is 203531 composite?
False
Is 26141 a prime number?
True
Is 21079 composite?
True
Is 585185 prime?
False
Is 56249 a prime number?
True
Is 73171 prime?
False
Is 9259 a composite number?
True
Is 101267 prime?
True
Is 1324297 a prime number?
False
Is 274 prime?
False
Is 66347 prime?
True
Is 80113 prime?
False
Is 223697 prime?
True
Is 139847 composite?
True
Is 47503 a composite number?
True
Is 153557 composite?
False
Is 13781 a composite number?
False
Is 727451 composite?
False
Is 110945 prime?
False
Is 162335 a prime number?
False
Is 171493 a prime number?
False
Is 32771 a prime number?
True
Is 30019 composite?
True
Is 4621 prime?
True
Is 73501 prime?
False
Is 97151 a composite number?
False
Is 3647 prime?
False
Is 2051 a prime number?
False
Is 20707 a composite number?
False
Is 205703 composite?
False
Is 425677 composite?
True
Is 25111 a prime number?
True
Is 36509 prime?
False
Is 8141 a composite number?
True
Is 29699 a composite number?
True
Is 10555 a prime number?
False
Is 4105 prime?
False
Is 11519 prime?
True
Is 11733 a composite number?
True
Is 393691 prime?
False
Is 759131 prime?
True
Is 56039 a prime number?
True
Is 7393 composite?
False
Is 61859 a composite number?
True
Is 314537 a prime number?
False
Is 1361 a prime number?
True
Is 89779 prime?
True
Is 61121 composite?
False
Is 9913 a prime number?
False
Is 5227 a prime number?
True
Is 389 a composite number?
False
Is 23929 a prime number?
True
Is 54911 prime?
False
Is 21311 composite?
True
Is 6805 a composite number?
True
Is 2029 a composite number?
False
Is 1657 composite?
False
Is 281833 prime?
True
Is 1792331 a prime number?
True
Is 20542 prime?
False
Is 437585 composite?
True
Is 716249 composite?
False
Is 1217 composite?
False
Is 57521 prime?
False
Is 3449 a composite number?
False
Is 322559 a prime number?
True
Is 5293 composite?
True
Is 275341 a prime number?
False
Is 142931 prime?
False
Is 25223 prime?
False
Is 14317 a composite number?
True
Is 196247 prime?
True
Is 8419 a prime number?
True
Is 250891 composite?
True
Is 39965 composite?
True
Is 466423 composite?
False
Is 4727 composite?
True
Is 24755 a composite number?
True
Is 3552997 prime?
False
Is 70949 a prime number?
True
Is 37397 a composite number?
False
Is 97327 a prime number?
True
Is 465187 a prime number?
True
Is 55723 a composite number?
True
Is 883087 composite?
False
Is 10903 a composite number?
False
Is 135821 a composite number?
True
Is 196291 a composite number?
False
Is 1014833 a composite number?
False
Is 25213 a composite number?
True
Is 55483 a prime number?
False
Is 320077 composite?
True
Is 211711 a composite number?
False
Is 2629 prime?
False
Is 239 composite?
False
Is 109781 composite?
True
Is 14941 a prime number?
False
Is 48899 a prime number?
False
Is 4547 prime?
True
Is 17159 a prime number?
True
Is 303073 a prime number?
True
Is 3661247 composite?
False
Is 34373 a prime number?
False
Is 408467 composite?
True
Is 713399 prime?
True
Is 99607 a composite number?
False
Is 509253 a prime number?
False
Is 368957 a composite number?
False
Is 4153 composite?
False
Is 17881 composite?
False
Is 358471 composite?
False
Is 12841 prime?
True
Is 4857 a composite number?
True
Is 3220447 a composite number?
False
Is 411779 prime?
True
Is 6947 a prime number?
True
Is 75569 prime?
False
Is 241733 a composite number?
True
Is 228747 a prime number?
False
Is 4461 prime?
False
Is 558401 composite?
False
Is 38501 prime?
True
Is 29789 a prime number?
True
Is 1283297 a composite number?
False
Is 89347 a composite number?
True
Is 3271 prime?
True
Is 90109 prime?
False
Is 89191 prime?
False
Is 117301 composite?
True
Is 1471 a prime number?
True
Is 3817 a composite number?
True
Is 33103 prime?
False
Is 6837439 composite?
True
Is 52306 prime?
False
Is 38593 a composite number?
False
Is 5273 a composite number?
False
Is 197671 prime?
False
Is 234253 prime?
False
Is 24281 prime?
True
Is 20071 composite?
False
Is 727637 a prime number?
False
Is 47491 composite?
False
Is 134243 a prime number?
True
Is 19637 prime?
False
Is 58553 prime?
False
Is 65743 a composite number?
True
Is 15859 a prime number?
True
Is 324113 a prime number?
True
Is 833639 composite?
True
Is 29239 a prime number?
False
Is 263122 a composite number?
True
Is 710349 composite?
True
Is 10639 prime?
True
Is 1277429 a composite number?
False
Is 372061 composite?
False
Is 292427 a prime number?
True
Is 7985 composite?
True
Is 24611 composite?
False
Is 779591 a composite number?
False
Is 581929 prime?
False
Is 12601 a composite number?
False
Is 225007 composite?
True
Is 474131 a composite number?
True
Is 2449963 a composite number?
False
Is 88553 prime?
False
Is 2627 a composite number?
True
Is 74219 composite?
False
Is 27239 a prime number?
True
Is 13043 a prime number?
True
Is 134303 prime?
False
Is 16033 prime?
True
Is 1513711 a prime number?
False
Is 73173 prime?
False
Is 18013 a prime number?
True
Is 74677 composite?
True
Is 11351 composite?
False
Is 13346 prime?
False
Is 2211413 prime?
True
Is 1361 a composite number?
False
Is 197837 composite?
False
Is 330469 a composite number?
False
Is 476921 a composite number?
False
Is 29683 a prime number?
True
Is 10135 composite?
True
Is 147413 a composite number?
True
Is 4583 prime?
True
Is 4474 prime?
False
Is 3958629 prime?
False
Is 276314 a composite number?
True
Is 16869 prime?
False
Is 8641 a composite number?
False
Is 29917 prime?
True
Is 90353 prime?
True
Is 1184119 prime?
True
Is 357194 composite?
True
Is 45767 a prime number?
True
Is 49399 a prime number?
False
Is 32557 a composite number?
True
Is 53569 a composite number?
False
Is 333623 a composite number?
False
Is 9643 a prime number?
True
Is 8581 composite?
False
Is 6778 composite?
True
Is 292517 composite?
False
Is 214934 a prime number?
False
Is 5509 a prime number?
False
Is 255089 composite?
True
Is 253039 prime?
False
Is 17785 a prime number?
False
Is 277157 prime?
True
Is 29771 a prime number?
False
Is 13997 a prime number?
True
Is 8873 a composite number?
True
Is 48647 a prime number?
True
Is 391 a prime number?
False
Is 2599 a prime number?
False
Is 5029 composite?
True
Is 4201 composite?
False
Is 300091 a composite number?
